te the greatest common divisor of 2 and 62.
2
Calculate the greatest common factor of 1998 and 148.
74
Calculate the greatest common divisor of 1326 and 1734.
102
What is the highest common divisor of 2148 and 8?
4
Calculate the greatest common divisor of 174 and 232.
58
Calculate the greatest common factor of 21 and 3129.
21
Calculate the highest common factor of 22 and 55.
11
Calculate the greatest common divisor of 133 and 6118.
133
Calculate the highest common divisor of 1057 and 1661.
151
What is the greatest common divisor of 207 and 117?
9
Calculate the greatest common divisor of 14 and 5761.
7
Calculate the greatest common factor of 6 and 48.
6
Calculate the greatest common divisor of 45 and 45.
45
Calculate the greatest common factor of 1791 and 243.
9
Calculate the highest common divisor of 330 and 18.
6
What is the highest common divisor of 234 and 18?
18
Calculate the greatest common divisor of 75422 and 86.
86
What is the greatest common divisor of 54 and 1746?
18
Calculate the highest common factor of 476 and 994.
14
What is the greatest common divisor of 6538 and 98?
14
Calculate the greatest common divisor of 9 and 9.
9
What is the greatest common divisor of 31 and 2201?
31
What is the greatest common divisor of 119 and 85?
17
Calculate the greatest common factor of 10 and 4090.
10
What is the highest common factor of 1 and 3?
1
What is the greatest common divisor of 47 and 423?
47
What is the highest common divisor of 13349 and 14?
7
Calculate the greatest common factor of 8374 and 159.
53
Calculate the greatest common factor of 6 and 150.
6
What is the greatest common factor of 493 and 17?
17
What is the highest common factor of 34 and 4131?
17
Calculate the highest common divisor of 437 and 69.
23
Calculate the greatest common divisor of 8250 and 6.
6
What is the greatest common divisor of 51 and 1054?
17
What is the greatest common divisor of 315 and 210?
105
Calculate the greatest common divisor of 186 and 6.
6
Calculate the highest common divisor of 138 and 782.
46
Calculate the highest common divisor of 2015 and 93.
31
Calculate the greatest common divisor of 23 and 1.
1
Calculate the greatest common factor of 234 and 432.
18
What is the greatest common divisor of 14 and 875?
7
What is the highest common divisor of 300 and 114900?
300
Calculate the highest common factor of 61 and 488.
61
Calculate the greatest common factor of 10 and 390.
10
What is the highest common divisor of 765 and 45?
45
What is the greatest common divisor of 35 and 33810?
35
Calculate the greatest common factor of 69 and 2001.
69
Calculate the greatest common divisor of 19 and 133.
19
Calculate the greatest common factor of 1628 and 44.
44
Calculate the highest common factor of 369 and 2173.
41
What is the greatest common divisor of 368 and 1081?
23
What is the highest common factor of 147 and 168?
21
What is the greatest common divisor of 1626 and 12?
6
What is the greatest common divisor of 192 and 120?
24
Calculate the highest common divisor of 22 and 1342.
22
Calculate the greatest common divisor of 294 and 546.
42
What is the highest common factor of 12 and 36?
12
Calculate the greatest common factor of 224 and 280.
56
What is the highest common factor of 10 and 6590?
10
Calculate the highest common factor of 308 and 5516.
28
Calculate the greatest common divisor of 108 and 252.
36
What is the greatest common factor of 176 and 594?
22
What is the highest common factor of 57 and 912?
57
What is the greatest common factor of 2006 and 472?
118
What is the highest common factor of 1599 and 117?
39
What is the greatest common factor of 595 and 476?
119
Calculate the highest common divisor of 3232 and 101.
101
What is the highest common factor of 319 and 29?
29
What is the highest common factor of 333 and 37?
37
What is the greatest common divisor of 81 and 576?
9
Calculate the greatest common factor of 8 and 96.
8
What is the highest common factor of 1989 and 78?
39
What is the highest common divisor of 32780 and 60?
20
What is the highest common divisor of 45 and 3840?
15
Calculate the highest common factor of 527 and 17.
17
What is the highest common factor of 112 and 56?
56
Calculate the highest common divisor of 1946 and 14.
14
Calculate the highest common divisor of 108 and 8766.
18
Calculate the greatest common factor of 836 and 684.
76
Calculate the highest common divisor of 585 and 1260.
45
What is the greatest common divisor of 8 and 884?
4
What is the highest common divisor of 65 and 377?
13
Calculate the greatest common factor of 7 and 1792.
7
Calculate the greatest common factor of 253 and 23.
23
Calculate the greatest common divisor of 144 and 24.
24
Calculate the highest common factor of 98 and 966.
14
Calculate the greatest common factor of 33 and 11517.
33
Calculate the greatest common divisor of 1896 and 158.
158
What is the greatest common divisor of 2747 and 871?
67
Calculate the highest common factor of 144 and 14544.
144
What is the highest common factor of 666 and 74?
74
Calculate the greatest common divisor of 1736 and 84.
28
What is the greatest common divisor of 781 and 671?
11
Calculate the highest common factor of 18 and 171.
9
Calculate the highest common divisor of 675 and 54.
27
Calculate the highest common divisor of 7 and 84259.
7
What is the greatest common divisor of 110835 and 135?
135
What is the highest common divisor of 41 and 2911?
41
Calculate the greatest common divisor of 6137 and 68.
17
Calculate the greatest common divisor of 1056 and 66.
66
What is the highest common divisor of 944 and 32?
16
What is the highest common factor of 975 and 234?
39
Calculate the greatest common factor of 22 and 341.
11
Calculate the greatest common factor of 534 and 24742.
178
What is the greatest common factor of 57728 and 8?
8
Calculate the highest common factor of 1450 and 50.
50
What is the highest common factor of 80 and 150?
10
What is the highest common factor of 330 and 555?
15
What is the highest common divisor of 1102 and 638?
58
Calculate the greatest common factor of 49950 and 37.
37
What is the highest common factor of 30 and 30?
30
Calculate the greatest common divisor of 3807 and 1215.
81
Calculate the greatest common divisor of 2929 and 1515.
101
Calculate the greatest common divisor of 180 and 2196.
36
Calculate the greatest common divisor of 27351 and 27.
27
Calculate the highest common factor of 12 and 140.
4
Calculate the greatest common factor of 2 and 18.
2
What is the greatest common factor of 236 and 4?
4
What is the highest common divisor of 1675 and 134?
67
Calculate the highest common factor of 94 and 32101.
47
What is the greatest common factor of 22 and 44?
22
Calculate the highest common divisor of 20 and 150.
10
Calculate the highest common divisor of 2 and 358.
2
Calculate the highest common factor of 552 and 20010.
138
What is the highest common divisor of 28 and 7?
7
Calculate the highest common factor of 16185 and 45.
15
What is the greatest common factor of 21 and 49?
7
Calculate the highest common factor of 3 and 147.
3
Calculate the highest common divisor of 391 and 68.
17
What is the highest common divisor of 568 and 71?
71
Calculate the highest common factor of 8 and 346.
2
Calculate the highest common divisor of 1110 and 3.
3
Calculate the highest common divisor of 164 and 16.
4
What is the highest common factor of 5 and 260?
5
Calculate the greatest common factor of 782 and 92.
46
Calculate the highest common divisor of 235 and 188.
47
Calculate the greatest common divisor of 310 and 19065.
155
Calculate the greatest common factor of 2736 and 171.
171
What is the highest common factor of 48 and 36?
12
What is the highest common divisor of 5790 and 10?
10
Calculate the greatest common divisor of 17459 and 79.
79
Calculate the greatest common factor of 962 and 78.
26
What is the greatest common divisor of 30 and 3630?
30
What is the highest common factor of 3916 and 308?
44
What is the greatest common factor of 1126 and 6?
2
Calculate the highest common factor of 7 and 7.
7
Calculate the greatest common factor of 3220 and 56.
28
What is the greatest common divisor of 14053 and 46?
23
What is the greatest common factor of 760 and 9728?
152
Calculate the greatest common factor of 1